st common factor of 155926 and 212.
106
What is the highest common factor of 979 and 2581?
89
Calculate the greatest common factor of 69 and 101729.
23
What is the highest common divisor of 20 and 344810?
10
Calculate the highest common factor of 1905 and 17385.
15
What is the highest common factor of 1039718 and 475?
19
Calculate the greatest common divisor of 405 and 893025.
405
Calculate the greatest common divisor of 61605 and 90.
45
Calculate the greatest common factor of 594 and 125334.
594
Calculate the greatest common factor of 11800 and 3658.
118
What is the highest common factor of 2587 and 234?
13
Calculate the highest common factor of 21358 and 26314.
118
What is the greatest common divisor of 168936 and 12?
12
Calculate the greatest common divisor of 322 and 13685.
161
Calculate the greatest common divisor of 287388 and 60.
12
What is the highest common divisor of 153 and 635613?
51
Calculate the highest common divisor of 358 and 155014.
358
Calculate the highest common divisor of 72 and 160152.
24
Calculate the highest common factor of 33821 and 248.
31
Calculate the highest common divisor of 13330 and 29885.
215
What is the highest common divisor of 20484 and 1278?
18
What is the highest common divisor of 75435 and 30?
15
Calculate the highest common factor of 24375 and 1275.
75
What is the greatest common factor of 85 and 69224?
17
Calculate the highest common factor of 1176 and 1680.
168
What is the highest common factor of 9 and 557?
1
What is the greatest common factor of 8 and 2948?
4
What is the greatest common divisor of 759 and 6969?
69
What is the greatest common factor of 513976 and 820?
164
Calculate the greatest common factor of 10872 and 29596.
604
Calculate the greatest common factor of 9 and 9117.
9
What is the greatest common divisor of 666249 and 14498?
659
Calculate the greatest common divisor of 238325 and 40.
5
Calculate the greatest common divisor of 76506 and 2177.
311
Calculate the highest common factor of 10 and 17622.
2
What is the highest common divisor of 126 and 16?
2
Calculate the highest common divisor of 110724 and 168.
12
What is the greatest common factor of 64261 and 5728?
179
Calculate the highest common factor of 639915 and 135.
15
What is the highest common factor of 1397478 and 5340?
534
Calculate the greatest common factor of 734025 and 225.
75
Calculate the greatest common divisor of 200 and 4352.
8
Calculate the greatest common factor of 299388 and 60.
12
Calculate the greatest common divisor of 145656 and 504.
504
What is the highest common factor of 275397 and 123?
123
Calculate the highest common divisor of 2018346 and 198.
66
What is the greatest common divisor of 145376 and 448?
224
What is the highest common divisor of 357 and 37179?
51
What is the greatest common factor of 666 and 18?
18
Calculate the highest common divisor of 897076 and 32.
4
What is the highest common factor of 3859550 and 20?
10
Calculate the highest common divisor of 63 and 9366.
21
Calculate the greatest common factor of 7 and 478450.
7
What is the greatest common divisor of 1846 and 49558?
142
Calculate the greatest common factor of 47 and 130472.
47
What is the highest common factor of 3186729 and 182?
91
What is the highest common factor of 78 and 494?
26
Calculate the highest common divisor of 2365 and 330.
55
Calculate the highest common factor of 6028 and 17380.
44
Calculate the highest common factor of 106 and 4459738.
106
Calculate the greatest common divisor of 868465 and 455.
65
What is the highest common divisor of 81 and 57978?
9
Calculate the greatest common factor of 4 and 725120.
4
Calculate the highest common divisor of 2862 and 12190.
106
What is the highest common divisor of 22371 and 78?
3
What is the greatest common divisor of 2025882 and 18?
18
What is the highest common factor of 193157 and 32331?
829
What is the highest common factor of 9840 and 105360?
240
What is the highest common factor of 17136 and 147?
21
What is the greatest common divisor of 970 and 50?
10
Calculate the highest common factor of 90585 and 726.
33
Calculate the greatest common factor of 79935 and 285.
15
What is the greatest common factor of 896 and 313936?
112
What is the greatest common divisor of 17 and 852499?
17
Calculate the greatest common divisor of 11 and 38313.
11
What is the highest common divisor of 76513 and 323?
19
What is the highest common divisor of 208731 and 9?
3
What is the highest common factor of 8575 and 54390?
245
What is the greatest common factor of 1052081 and 569?
569
What is the greatest common factor of 66 and 110946?
66
Calculate the highest common factor of 4256 and 371.
7
What is the highest common divisor of 65459 and 38103?
977
What is the highest common divisor of 5916 and 783?
87
Calculate the highest common factor of 2590 and 15505.
35
What is the greatest common divisor of 1530882 and 36?
18
Calculate the highest common factor of 66 and 1499289.
33
Calculate the greatest common divisor of 517979 and 49.
49
Calculate the highest common factor of 1456 and 231392.
112
Calculate the highest common divisor of 1323 and 2187.
27
Calculate the greatest common divisor of 165 and 405955.
55
Calculate the greatest common divisor of 66048 and 24.
24
Calculate the greatest common factor of 140 and 262710.
70
What is the highest common divisor of 4385 and 735?
5
Calculate the highest common divisor of 8547 and 1639.
11
Calculate the greatest common divisor of 822589 and 1.
1
What is the highest common divisor of 20406 and 228?
114
Calculate the highest common factor of 2199816 and 72.
72
What is the highest common divisor of 1980480 and 80?
80
Calculate the highest common divisor of 3050542 and 22.
22
Calculate the highest common divisor of 32670 and 210.
30
What is the greatest common factor of 6372 and 8748?
108
Calculate the greatest common divisor of 34 and 3417.
17
What is the greatest common divisor of 31130 and 44990?
110
Calculate the greatest common factor of 630 and 15830.
10
Calculate the greatest common factor of 54 and 5331.
3
Calculate the greatest common divisor of 1725 and 17524275.
1725
Calculate the greatest common factor of 94135 and 2680.
335
Calculate the highest common divisor of 19049 and 35883.
443
Calculate the greatest common divisor of 11281473 and 4634.
2317
What is the highest common factor of 225 and 100530?
45
What is the highest common factor of 94 and 90898?
94
Calculate the highest common factor of 583358 and 62.
62
Calculate the highest common divisor of 35517 and 15.
3
Calculate the greatest common factor of 42129 and 42501.
93
What is the greatest common factor of 492155 and 25?
5
Calculate the greatest common divisor of 152 and 132772.
76
What is the highest common factor of 750 and 1286000?
250
Calculate the highest common factor of 299 and 38441.
13
What is the highest common factor of 39 and 715273?
13
What is the highest common factor of 20613 and 33?
3
Calculate the highest common divisor of 28743 and 3861.
429
Calculate the greatest common divisor of 248 and 2435546.
62
What is the highest common divisor of 1684098 and 216?
54
What is the greatest common divisor of 3824925 and 65?
65
Calculate the highest common divisor of 451 and 7194352.
451
What is the highest common divisor of 20 and 198010?
10
What is the highest common factor of 1141 and 2934?
163
Calculate the highest common factor of 6507 and 9315.
27
What is the greatest common factor of 5530 and 32270?
70
What is the highest common divisor of 351231 and 9?
3
Calculate the greatest common divisor of 16576 and 7872.
64
Calculate the highest common factor of 51701 and 52.
13
Calculate the greatest common divisor of 250801 and 85.
17
Calculate the highest common divisor of 27258 and 1254.
66
What is the greatest common factor of 28 and 22396528?
28
Calculate the highest common factor of 13 and 37427.
13
Calculate the greatest common factor of 273 and 351.
39
Calculate the highest common divisor of 32670 and 7821.
99
Calculate the highest common factor of 4590787 and 29.
29
What is the highest common divisor of 459 and 111375?
27
What is the greatest common factor of 11200 and 56896?
448
Calculate the highest common divisor of 15300 and 816.
204
Calculate the greatest common factor of 31